{"id":41,"date":"2026-04-14T11:40:55","date_gmt":"2026-04-14T09:40:55","guid":{"rendered":"https:\/\/new.aquariusfit.pl\/?page_id=41"},"modified":"2026-04-16T21:59:18","modified_gmt":"2026-04-16T19:59:18","slug":"aqua-aerobik-aquagimnastyka","status":"publish","type":"page","link":"https:\/\/new.aquariusfit.pl\/?page_id=41","title":{"rendered":"Aqua aerobik, aquagimnastyka"},"content":{"rendered":"\t\t<div data-elementor-type=\"wp-page\" data-elementor-id=\"41\" class=\"elementor elementor-41\" data-elementor-post-type=\"page\">\n\t\t\t\t<div class=\"elementor-element elementor-element-c334857 e-flex e-con-boxed e-con e-parent\" data-id=\"c334857\" data-element_type=\"container\" data-e-type=\"container\" data-settings=\"{&quot;jet_parallax_layout_list&quot;:[]}\">\n\t\t\t\t\t<div class=\"e-con-inner\">\n\t\t<div class=\"elementor-element elementor-element-aeec88c e-con-full e-flex e-con e-child\" data-id=\"aeec88c\" data-element_type=\"container\" data-e-type=\"container\" data-settings=\"{&quot;jet_parallax_layout_list&quot;:[],&quot;sticky&quot;:&quot;top&quot;,&quot;sticky_on&quot;:[&quot;desktop&quot;],&quot;sticky_offset&quot;:120,&quot;sticky_parent&quot;:&quot;yes&quot;,&quot;sticky_effects_offset&quot;:0,&quot;sticky_anchor_link_offset&quot;:0}\">\n\t\t\t\t<div class=\"elementor-element elementor-element-0ed9ba7 elementor-align-justify elementor-widget elementor-widget-button\" data-id=\"0ed9ba7\" data-element_type=\"widget\" data-e-type=\"widget\" data-widget_type=\"button.default\">\n\t\t\t\t\t\t\t\t\t\t<a class=\"elementor-button elementor-button-link elementor-size-sm\" href=\"#1\">\n\t\t\t\t\t\t<span class=\"elementor-button-content-wrapper\">\n\t\t\t\t\t\t\t\t\t<span class=\"elementor-button-text\">AQUA AEROBIK<\/span>\n\t\t\t\t\t<\/span>\n\t\t\t\t\t<\/a>\n\t\t\t\t\t\t\t\t<\/div>\n\t\t\t\t<div class=\"elementor-element elementor-element-0e47503 elementor-align-justify elementor-widget elementor-widget-button\" data-id=\"0e47503\" data-element_type=\"widget\" data-e-type=\"widget\" data-widget_type=\"button.default\">\n\t\t\t\t\t\t\t\t\t\t<a class=\"elementor-button elementor-button-link elementor-size-sm\" href=\"#2\">\n\t\t\t\t\t\t<span class=\"elementor-button-content-wrapper\">\n\t\t\t\t\t\t\t\t\t<span class=\"elementor-button-text\">AQUA GIMNASTYKA<\/span>\n\t\t\t\t\t<\/span>\n\t\t\t\t\t<\/a>\n\t\t\t\t\t\t\t\t<\/div>\n\t\t<div class=\"elementor-element elementor-element-1d1af7c e-con-full popup e-flex e-con e-child\" data-id=\"1d1af7c\" data-element_type=\"container\" data-e-type=\"container\" data-settings=\"{&quot;background_background&quot;:&quot;classic&quot;,&quot;jet_parallax_layout_list&quot;:[]}\">\n\t\t\t\t<div class=\"elementor-element elementor-element-ce58d0d elementor-widget elementor-widget-heading\" data-id=\"ce58d0d\" data-element_type=\"widget\" data-e-type=\"widget\" data-widget_type=\"heading.default\">\n\t\t\t\t\t<h2 class=\"elementor-heading-title elementor-size-default\">Wy\u015blij zg\u0142oszenie<\/h2>\t\t\t\t<\/div>\n\t\t\t\t<\/div>\n\t\t\t\t<\/div>\n\t\t<div class=\"elementor-element elementor-element-2f2d473 e-con-full e-flex e-con e-child\" data-id=\"2f2d473\" data-element_type=\"container\" data-e-type=\"container\" data-settings=\"{&quot;jet_parallax_layout_list&quot;:[]}\">\n\t\t<div class=\"elementor-element elementor-element-53d9382 e-con-full e-flex e-con e-child\" data-id=\"53d9382\" data-element_type=\"container\" data-e-type=\"container\" data-settings=\"{&quot;jet_parallax_layout_list&quot;:[]}\">\n\t\t\t\t<div class=\"elementor-element elementor-element-a36ce6d elementor-widget elementor-widget-image\" data-id=\"a36ce6d\" data-element_type=\"widget\" data-e-type=\"widget\" id=\"1\" data-widget_type=\"image.default\">\n\t\t\t\t\t\t\t\t\t\t\t\t\t\t\t<img fetchpriority=\"high\" decoding=\"async\" width=\"800\" height=\"384\" src=\"https:\/\/new.aquariusfit.pl\/wp-content\/uploads\/2026\/04\/aquafitnes-1.jpg\" class=\"attachment-large size-large wp-image-451\" alt=\"\" srcset=\"https:\/\/new.aquariusfit.pl\/wp-content\/uploads\/2026\/04\/aquafitnes-1.jpg 895w, https:\/\/new.aquariusfit.pl\/wp-content\/uploads\/2026\/04\/aquafitnes-1-300x144.jpg 300w, https:\/\/new.aquariusfit.pl\/wp-content\/uploads\/2026\/04\/aquafitnes-1-768x369.jpg 768w\" sizes=\"(max-width: 800px) 100vw, 800px\" \/>\t\t\t\t\t\t\t\t\t\t\t\t\t\t\t<\/div>\n\t\t<div class=\"elementor-element elementor-element-c313431 e-con-full e-flex e-con e-child\" data-id=\"c313431\" data-element_type=\"container\" data-e-type=\"container\" data-settings=\"{&quot;background_background&quot;:&quot;classic&quot;,&quot;jet_parallax_layout_list&quot;:[]}\">\n\t\t<div class=\"elementor-element elementor-element-6129830 e-con-full e-flex e-con e-child\" data-id=\"6129830\" data-element_type=\"container\" data-e-type=\"container\" data-settings=\"{&quot;jet_parallax_layout_list&quot;:[]}\">\n\t\t\t\t<div class=\"elementor-element elementor-element-31abb42 elementor-widget elementor-widget-heading\" data-id=\"31abb42\" data-element_type=\"widget\" data-e-type=\"widget\" data-widget_type=\"heading.default\">\n\t\t\t\t\t<h2 class=\"elementor-heading-title elementor-size-default\">AQUA AEROBIK  (g\u0142\u0119boka woda)  <\/h2>\t\t\t\t<\/div>\n\t\t\t\t<div class=\"elementor-element elementor-element-e2cc8a1 elementor-widget elementor-widget-button\" data-id=\"e2cc8a1\" data-element_type=\"widget\" data-e-type=\"widget\" data-widget_type=\"button.default\">\n\t\t\t\t\t\t\t\t\t\t<a class=\"elementor-button elementor-button-link elementor-size-sm\" href=\"https:\/\/new.aquariusfit.pl\/grafik-zajec\/aqua-aerobic-aquagimnastyka\/\">\n\t\t\t\t\t\t<span class=\"elementor-button-content-wrapper\">\n\t\t\t\t\t\t<span class=\"elementor-button-icon\">\n\t\t\t\t<svg aria-hidden=\"true\" class=\"e-font-icon-svg e-far-calendar-alt\" viewBox=\"0 0 448 512\" xmlns=\"http:\/\/www.w3.org\/2000\/svg\"><path d=\"M148 288h-40c-6.6 0-12-5.4-12-12v-40c0-6.6 5.4-12 12-12h40c6.6 0 12 5.4 12 12v40c0 6.6-5.4 12-12 12zm108-12v-40c0-6.6-5.4-12-12-12h-40c-6.6 0-12 5.4-12 12v40c0 6.6 5.4 12 12 12h40c6.6 0 12-5.4 12-12zm96 0v-40c0-6.6-5.4-12-12-12h-40c-6.6 0-12 5.4-12 12v40c0 6.6 5.4 12 12 12h40c6.6 0 12-5.4 12-12zm-96 96v-40c0-6.6-5.4-12-12-12h-40c-6.6 0-12 5.4-12 12v40c0 6.6 5.4 12 12 12h40c6.6 0 12-5.4 12-12zm-96 0v-40c0-6.6-5.4-12-12-12h-40c-6.6 0-12 5.4-12 12v40c0 6.6 5.4 12 12 12h40c6.6 0 12-5.4 12-12zm192 0v-40c0-6.6-5.4-12-12-12h-40c-6.6 0-12 5.4-12 12v40c0 6.6 5.4 12 12 12h40c6.6 0 12-5.4 12-12zm96-260v352c0 26.5-21.5 48-48 48H48c-26.5 0-48-21.5-48-48V112c0-26.5 21.5-48 48-48h48V12c0-6.6 5.4-12 12-12h40c6.6 0 12 5.4 12 12v52h128V12c0-6.6 5.4-12 12-12h40c6.6 0 12 5.4 12 12v52h48c26.5 0 48 21.5 48 48zm-48 346V160H48v298c0 3.3 2.7 6 6 6h340c3.3 0 6-2.7 6-6z\"><\/path><\/svg>\t\t\t<\/span>\n\t\t\t\t\t\t\t\t\t<span class=\"elementor-button-text\">SPRAWD\u0179 GRAFIK ZAJ\u0118\u0106<\/span>\n\t\t\t\t\t<\/span>\n\t\t\t\t\t<\/a>\n\t\t\t\t\t\t\t\t<\/div>\n\t\t\t\t<\/div>\n\t\t\t\t<div class=\"elementor-element elementor-element-00a39e4 elementor-widget__width-initial elementor-widget-divider--view-line elementor-widget elementor-widget-divider\" data-id=\"00a39e4\" data-element_type=\"widget\" data-e-type=\"widget\" data-widget_type=\"divider.default\">\n\t\t\t\t\t\t\t<div class=\"elementor-divider\">\n\t\t\t<span class=\"elementor-divider-separator\">\n\t\t\t\t\t\t<\/span>\n\t\t<\/div>\n\t\t\t\t\t\t<\/div>\n\t\t\t\t<div class=\"elementor-element elementor-element-5d98d38 elementor-widget elementor-widget-text-editor\" data-id=\"5d98d38\" data-element_type=\"widget\" data-e-type=\"widget\" data-widget_type=\"text-editor.default\">\n\t\t\t\t\t\t\t\t\t<p>Proponowane przez nas zaj\u0119cia Aqua aerobik to \u0107wiczenia w wodzie prowadzone w bardzo mi\u0142ej atmosferze. \u0106wiczenia wykonywane s\u0105 na r\u00f3\u017cnych g\u0142\u0119boko\u015bciach, z u\u017cyciem pas\u00f3w wyporno\u015bciowych, makaron\u00f3w, dysk\u00f3w, aqua twin\u00f3w, gum do rozciagania oraz pi\u0142ek i desek. \u0106wicz\u0105c z przyrz\u0105dami zwi\u0119kszaj\u0105cymi op\u00f3r wody, mi\u0119\u015bnie mocniej pracuj\u0105 i mo\u017cesz spali\u0107 nawet 700 kcal w ci\u0105gu godziny.<br \/>Aquaaerobik jest polecany jako forma usprawniania dost\u0119pna dla wszystkich: dla os\u00f3b po operacjach, oty\u0142ych, cierpi\u0105cych na artretyzm, osteoporoz\u0119, maj\u0105cych problemy z uk\u0142adem kostno-stawowym. W wodzie bez obaw mog\u0105 te\u017c \u0107wiczy\u0107 kobiety w ci\u0105\u017cy. Intensywno\u015b\u0107 i rodzaj \u0107wicze\u0144 dostosowane s\u0105 do mo\u017cliwo\u015bci i zaanga\u017cowania ka\u017cdej osoby.<\/p>\t\t\t\t\t\t\t\t<\/div>\n\t\t\t\t<div class=\"elementor-element elementor-element-11d5cbd elementor-widget elementor-widget-heading\" data-id=\"11d5cbd\" data-element_type=\"widget\" data-e-type=\"widget\" data-widget_type=\"heading.default\">\n\t\t\t\t\t<h2 class=\"elementor-heading-title elementor-size-default\">Zapewniamy:\n<\/h2>\t\t\t\t<\/div>\n\t\t\t\t<div class=\"elementor-element elementor-element-bc117fe elementor-widget elementor-widget-text-editor\" data-id=\"bc117fe\" data-element_type=\"widget\" data-e-type=\"widget\" data-widget_type=\"text-editor.default\">\n\t\t\t\t\t\t\t\t\t<ul><li>skuteczn\u0105 redukcj\u0119 tkanki t\u0142uszczowej<\/li><li>wzmocnienie mi\u0119\u015bni w odci\u0105\u017ceniu kr\u0119gos\u0142upa<\/li><li>poprawienie wydolno\u015bci organizmu<\/li><li>relaks i dobr\u0105 zabaw\u0119 przy muzyce<\/li><li>opiek\u0119 instruktor\u00f3w fitness<\/li><\/ul>\t\t\t\t\t\t\t\t<\/div>\n\t\t\t\t<div class=\"elementor-element elementor-element-fd85ae2 elementor-widget elementor-widget-heading\" data-id=\"fd85ae2\" data-element_type=\"widget\" data-e-type=\"widget\" data-widget_type=\"heading.default\">\n\t\t\t\t\t<h2 class=\"elementor-heading-title elementor-size-default\">Wskazania:\n<\/h2>\t\t\t\t<\/div>\n\t\t\t\t<div class=\"elementor-element elementor-element-5ebd71b elementor-widget elementor-widget-text-editor\" data-id=\"5ebd71b\" data-element_type=\"widget\" data-e-type=\"widget\" data-widget_type=\"text-editor.default\">\n\t\t\t\t\t\t\t\t\t<ul><li>B\u00f3le kr\u0119gos\u0142upa<\/li><li>Przykurcze staw\u00f3w<\/li><li>\u017bylaki ko\u0144czyn dolnych-profilaktyka<\/li><li>Nadwaga<\/li><li>Po urazach staw\u00f3w<br \/>Kobiety w ci\u0105\u017cy (do 7 m-ca)<\/li><li>Kobiety po po\u0142ogu<\/li><\/ul><p>\u00a0<\/p><p>Aqua aerobik to zdrowie i dobre samopoczucie !!!<\/p>\t\t\t\t\t\t\t\t<\/div>\n\t\t\t\t<\/div>\n\t\t\t\t<\/div>\n\t\t<div class=\"elementor-element elementor-element-e292f0f e-con-full e-flex e-con e-child\" data-id=\"e292f0f\" data-element_type=\"container\" data-e-type=\"container\" data-settings=\"{&quot;jet_parallax_layout_list&quot;:[]}\">\n\t\t\t\t<div class=\"elementor-element elementor-element-fb66a4e elementor-widget elementor-widget-image\" data-id=\"fb66a4e\" data-element_type=\"widget\" data-e-type=\"widget\" id=\"2\" data-widget_type=\"image.default\">\n\t\t\t\t\t\t\t\t\t\t\t\t\t\t\t<img decoding=\"async\" width=\"800\" height=\"534\" src=\"https:\/\/new.aquariusfit.pl\/wp-content\/uploads\/2026\/04\/aquafitnes-2-1024x683.jpg\" class=\"attachment-large size-large wp-image-452\" alt=\"\" srcset=\"https:\/\/new.aquariusfit.pl\/wp-content\/uploads\/2026\/04\/aquafitnes-2-1024x683.jpg 1024w, https:\/\/new.aquariusfit.pl\/wp-content\/uploads\/2026\/04\/aquafitnes-2-300x200.jpg 300w, https:\/\/new.aquariusfit.pl\/wp-content\/uploads\/2026\/04\/aquafitnes-2-768x512.jpg 768w, https:\/\/new.aquariusfit.pl\/wp-content\/uploads\/2026\/04\/aquafitnes-2-1536x1024.jpg 1536w, https:\/\/new.aquariusfit.pl\/wp-content\/uploads\/2026\/04\/aquafitnes-2-2048x1366.jpg 2048w\" sizes=\"(max-width: 800px) 100vw, 800px\" \/>\t\t\t\t\t\t\t\t\t\t\t\t\t\t\t<\/div>\n\t\t<div class=\"elementor-element elementor-element-c68bdca e-con-full e-flex e-con e-child\" data-id=\"c68bdca\" data-element_type=\"container\" data-e-type=\"container\" data-settings=\"{&quot;background_background&quot;:&quot;classic&quot;,&quot;jet_parallax_layout_list&quot;:[]}\">\n\t\t<div class=\"elementor-element elementor-element-3964acd e-con-full e-flex e-con e-child\" data-id=\"3964acd\" data-element_type=\"container\" data-e-type=\"container\" data-settings=\"{&quot;jet_parallax_layout_list&quot;:[]}\">\n\t\t\t\t<div class=\"elementor-element elementor-element-856dbc6 elementor-widget elementor-widget-heading\" data-id=\"856dbc6\" data-element_type=\"widget\" data-e-type=\"widget\" data-widget_type=\"heading.default\">\n\t\t\t\t\t<h2 class=\"elementor-heading-title elementor-size-default\">AQUA GIMNASTYKA (p\u0142ytka woda)<\/h2>\t\t\t\t<\/div>\n\t\t\t\t<div class=\"elementor-element elementor-element-7bd787a elementor-widget elementor-widget-button\" data-id=\"7bd787a\" data-element_type=\"widget\" data-e-type=\"widget\" data-widget_type=\"button.default\">\n\t\t\t\t\t\t\t\t\t\t<a class=\"elementor-button elementor-button-link elementor-size-sm\" href=\"https:\/\/new.aquariusfit.pl\/grafik-zajec\/aqua-aerobic-aquagimnastyka\/\">\n\t\t\t\t\t\t<span class=\"elementor-button-content-wrapper\">\n\t\t\t\t\t\t<span class=\"elementor-button-icon\">\n\t\t\t\t<svg aria-hidden=\"true\" class=\"e-font-icon-svg e-far-calendar-alt\" viewBox=\"0 0 448 512\" xmlns=\"http:\/\/www.w3.org\/2000\/svg\"><path d=\"M148 288h-40c-6.6 0-12-5.4-12-12v-40c0-6.6 5.4-12 12-12h40c6.6 0 12 5.4 12 12v40c0 6.6-5.4 12-12 12zm108-12v-40c0-6.6-5.4-12-12-12h-40c-6.6 0-12 5.4-12 12v40c0 6.6 5.4 12 12 12h40c6.6 0 12-5.4 12-12zm96 0v-40c0-6.6-5.4-12-12-12h-40c-6.6 0-12 5.4-12 12v40c0 6.6 5.4 12 12 12h40c6.6 0 12-5.4 12-12zm-96 96v-40c0-6.6-5.4-12-12-12h-40c-6.6 0-12 5.4-12 12v40c0 6.6 5.4 12 12 12h40c6.6 0 12-5.4 12-12zm-96 0v-40c0-6.6-5.4-12-12-12h-40c-6.6 0-12 5.4-12 12v40c0 6.6 5.4 12 12 12h40c6.6 0 12-5.4 12-12zm192 0v-40c0-6.6-5.4-12-12-12h-40c-6.6 0-12 5.4-12 12v40c0 6.6 5.4 12 12 12h40c6.6 0 12-5.4 12-12zm96-260v352c0 26.5-21.5 48-48 48H48c-26.5 0-48-21.5-48-48V112c0-26.5 21.5-48 48-48h48V12c0-6.6 5.4-12 12-12h40c6.6 0 12 5.4 12 12v52h128V12c0-6.6 5.4-12 12-12h40c6.6 0 12 5.4 12 12v52h48c26.5 0 48 21.5 48 48zm-48 346V160H48v298c0 3.3 2.7 6 6 6h340c3.3 0 6-2.7 6-6z\"><\/path><\/svg>\t\t\t<\/span>\n\t\t\t\t\t\t\t\t\t<span class=\"elementor-button-text\">SPRAWD\u0179 GRAFIK ZAJ\u0118\u0106<\/span>\n\t\t\t\t\t<\/span>\n\t\t\t\t\t<\/a>\n\t\t\t\t\t\t\t\t<\/div>\n\t\t\t\t<\/div>\n\t\t\t\t<div class=\"elementor-element elementor-element-3b689ec elementor-widget__width-initial elementor-widget-divider--view-line elementor-widget elementor-widget-divider\" data-id=\"3b689ec\" data-element_type=\"widget\" data-e-type=\"widget\" data-widget_type=\"divider.default\">\n\t\t\t\t\t\t\t<div class=\"elementor-divider\">\n\t\t\t<span class=\"elementor-divider-separator\">\n\t\t\t\t\t\t<\/span>\n\t\t<\/div>\n\t\t\t\t\t\t<\/div>\n\t\t\t\t<div class=\"elementor-element elementor-element-c76f3af elementor-widget elementor-widget-text-editor\" data-id=\"c76f3af\" data-element_type=\"widget\" data-e-type=\"widget\" data-widget_type=\"text-editor.default\">\n\t\t\t\t\t\t\t\t\t<p>Aquafitness to \u0107wiczenia w wodzie \u2013 wspania\u0142a forma treningu ca\u0142ego cia\u0142a, kt\u00f3ry zmierza do osi\u0105gni\u0119cia maksymalnej sprawno\u015bci fizycznej, przy wykorzystaniu r\u00f3\u017cnorodnych form ruchowych dostosowanych do indywidualnych mo\u017cliwo\u015bci os\u00f3b \u0107wicz\u0105cych.<\/p><p>Po\u0142\u0105czenie treningu si\u0142owego z wytrzyma\u0142o\u015bciowym oraz charakter pracy aerobowej i anaerobowej daje najkorzystniejsze efekty wzmacniania organizmu. Specyfika \u015brodowiska oraz w\u0142\u0105czanie \u0107wicze\u0144 rozci\u0105gaj\u0105cych dane grupy mi\u0119\u015bniowe wywieraj\u0105 niezwykle pozytywny wp\u0142yw na za\u0142o\u017cony efekt ko\u0144cowy.<\/p>\t\t\t\t\t\t\t\t<\/div>\n\t\t\t\t<\/div>\n\t\t\t\t<\/div>\n\t\t\t\t<\/div>\n\t\t\t\t\t<\/div>\n\t\t\t\t<\/div>\n\t\t\t\t<\/div>\n\t\t","protected":false},"excerpt":{"rendered":"<p>AQUA AEROBIK AQUA GIMNASTYKA Wy\u015blij zg\u0142oszenie AQUA AEROBIK (g\u0142\u0119boka woda) SPRAWD\u0179 GRAFIK ZAJ\u0118\u0106 Proponowane przez nas zaj\u0119cia Aqua aerobik to \u0107wiczenia w wodzie prowadzone w bardzo mi\u0142ej atmosferze. \u0106wiczenia wykonywane s\u0105 na r\u00f3\u017cnych g\u0142\u0119boko\u015bciach, z u\u017cyciem pas\u00f3w wyporno\u015bciowych, makaron\u00f3w, dysk\u00f3w, aqua twin\u00f3w, gum do rozciagania oraz pi\u0142ek i desek. \u0106wicz\u0105c z przyrz\u0105dami zwi\u0119kszaj\u0105cymi op\u00f3r wody, [&hellip;]<\/p>\n","protected":false},"author":1,"featured_media":0,"parent":21,"menu_order":0,"comment_status":"closed","ping_status":"closed","template":"","meta":{"footnotes":""},"class_list":["post-41","page","type-page","status-publish","hentry"],"_links":{"self":[{"href":"https:\/\/new.aquariusfit.pl\/index.php?rest_route=\/wp\/v2\/pages\/41","targetHints":{"allow":["GET"]}}],"collection":[{"href":"https:\/\/new.aquariusfit.pl\/index.php?rest_route=\/wp\/v2\/pages"}],"about":[{"href":"https:\/\/new.aquariusfit.pl\/index.php?rest_route=\/wp\/v2\/types\/page"}],"author":[{"embeddable":true,"href":"https:\/\/new.aquariusfit.pl\/index.php?rest_route=\/wp\/v2\/users\/1"}],"replies":[{"embeddable":true,"href":"https:\/\/new.aquariusfit.pl\/index.php?rest_route=%2Fwp%2Fv2%2Fcomments&post=41"}],"version-history":[{"count":22,"href":"https:\/\/new.aquariusfit.pl\/index.php?rest_route=\/wp\/v2\/pages\/41\/revisions"}],"predecessor-version":[{"id":1084,"href":"https:\/\/new.aquariusfit.pl\/index.php?rest_route=\/wp\/v2\/pages\/41\/revisions\/1084"}],"up":[{"embeddable":true,"href":"https:\/\/new.aquariusfit.pl\/index.php?rest_route=\/wp\/v2\/pages\/21"}],"wp:attachment":[{"href":"https:\/\/new.aquariusfit.pl\/index.php?rest_route=%2Fwp%2Fv2%2Fmedia&parent=41"}],"curies":[{"name":"wp","href":"https:\/\/api.w.org\/{rel}","templated":true}]}}