{"id":50,"date":"2026-04-14T11:44:27","date_gmt":"2026-04-14T09:44:27","guid":{"rendered":"https:\/\/new.aquariusfit.pl\/?page_id=50"},"modified":"2026-04-30T15:00:08","modified_gmt":"2026-04-30T13:00:08","slug":"kursy","status":"publish","type":"page","link":"https:\/\/new.aquariusfit.pl\/?page_id=50","title":{"rendered":"Kursy"},"content":{"rendered":"\t\t<div data-elementor-type=\"wp-page\" data-elementor-id=\"50\" class=\"elementor elementor-50\" data-elementor-post-type=\"page\">\n\t\t\t\t<div class=\"elementor-element elementor-element-b7c125a e-flex e-con-boxed e-con e-parent\" data-id=\"b7c125a\" data-element_type=\"container\" data-e-type=\"container\" data-settings=\"{&quot;jet_parallax_layout_list&quot;:[]}\">\n\t\t\t\t\t<div class=\"e-con-inner\">\n\t\t<div class=\"elementor-element elementor-element-568a2e7 e-con-full e-flex e-con e-child\" data-id=\"568a2e7\" data-element_type=\"container\" data-e-type=\"container\" data-settings=\"{&quot;jet_parallax_layout_list&quot;:[],&quot;sticky&quot;:&quot;top&quot;,&quot;sticky_on&quot;:[&quot;desktop&quot;],&quot;sticky_offset&quot;:120,&quot;sticky_parent&quot;:&quot;yes&quot;,&quot;sticky_effects_offset&quot;:0,&quot;sticky_anchor_link_offset&quot;:0}\">\n\t\t<div class=\"elementor-element elementor-element-9305174 e-con-full popup e-flex e-con e-child\" data-id=\"9305174\" data-element_type=\"container\" data-e-type=\"container\" data-settings=\"{&quot;background_background&quot;:&quot;classic&quot;,&quot;jet_parallax_layout_list&quot;:[]}\">\n\t\t\t\t<div class=\"elementor-element elementor-element-347efbb elementor-widget elementor-widget-heading\" data-id=\"347efbb\" data-element_type=\"widget\" data-e-type=\"widget\" data-widget_type=\"heading.default\">\n\t\t\t\t\t<h2 class=\"elementor-heading-title elementor-size-default\">Wy\u015blij zg\u0142oszenie<\/h2>\t\t\t\t<\/div>\n\t\t\t\t<\/div>\n\t\t\t\t<\/div>\n\t\t<div class=\"elementor-element elementor-element-c6f0009 e-con-full e-flex e-con e-child\" data-id=\"c6f0009\" data-element_type=\"container\" data-e-type=\"container\" data-settings=\"{&quot;jet_parallax_layout_list&quot;:[]}\">\n\t\t<div class=\"elementor-element elementor-element-18238af e-con-full e-flex e-con e-child\" data-id=\"18238af\" data-element_type=\"container\" data-e-type=\"container\" data-settings=\"{&quot;jet_parallax_layout_list&quot;:[]}\">\n\t\t\t\t<div class=\"elementor-element elementor-element-a7bbc7b elementor-widget elementor-widget-image\" data-id=\"a7bbc7b\" data-element_type=\"widget\" data-e-type=\"widget\" data-widget_type=\"image.default\">\n\t\t\t\t\t\t\t\t\t\t\t\t\t\t\t<img fetchpriority=\"high\" decoding=\"async\" width=\"800\" height=\"661\" src=\"https:\/\/new.aquariusfit.pl\/wp-content\/uploads\/2026\/04\/cropped-photo-of-a-lifeguard-on-duty-on-the-beach-2025-01-07-04-12-04-utc-scaled-e1742483473126-1024x846.jpg\" class=\"attachment-large size-large wp-image-1165\" alt=\"\" srcset=\"https:\/\/new.aquariusfit.pl\/wp-content\/uploads\/2026\/04\/cropped-photo-of-a-lifeguard-on-duty-on-the-beach-2025-01-07-04-12-04-utc-scaled-e1742483473126-1024x846.jpg 1024w, https:\/\/new.aquariusfit.pl\/wp-content\/uploads\/2026\/04\/cropped-photo-of-a-lifeguard-on-duty-on-the-beach-2025-01-07-04-12-04-utc-scaled-e1742483473126-300x248.jpg 300w, https:\/\/new.aquariusfit.pl\/wp-content\/uploads\/2026\/04\/cropped-photo-of-a-lifeguard-on-duty-on-the-beach-2025-01-07-04-12-04-utc-scaled-e1742483473126-768x635.jpg 768w, https:\/\/new.aquariusfit.pl\/wp-content\/uploads\/2026\/04\/cropped-photo-of-a-lifeguard-on-duty-on-the-beach-2025-01-07-04-12-04-utc-scaled-e1742483473126-1536x1270.jpg 1536w, https:\/\/new.aquariusfit.pl\/wp-content\/uploads\/2026\/04\/cropped-photo-of-a-lifeguard-on-duty-on-the-beach-2025-01-07-04-12-04-utc-scaled-e1742483473126-2048x1693.jpg 2048w\" sizes=\"(max-width: 800px) 100vw, 800px\" \/>\t\t\t\t\t\t\t\t\t\t\t\t\t\t\t<\/div>\n\t\t<div class=\"elementor-element elementor-element-4f42ec7 e-con-full e-flex e-con e-child\" data-id=\"4f42ec7\" data-element_type=\"container\" data-e-type=\"container\" data-settings=\"{&quot;background_background&quot;:&quot;classic&quot;,&quot;jet_parallax_layout_list&quot;:[]}\">\n\t\t\t\t<div class=\"elementor-element elementor-element-8b52633 elementor-widget elementor-widget-heading\" data-id=\"8b52633\" data-element_type=\"widget\" data-e-type=\"widget\" data-widget_type=\"heading.default\">\n\t\t\t\t\t<h2 class=\"elementor-heading-title elementor-size-default\">KURS NA M\u0141ODSZEGO RATOWNIKA WODNEGO \n<\/h2>\t\t\t\t<\/div>\n\t\t\t\t<div class=\"elementor-element elementor-element-bc264f0 elementor-widget__width-initial elementor-widget-divider--view-line elementor-widget elementor-widget-divider\" data-id=\"bc264f0\" data-element_type=\"widget\" data-e-type=\"widget\" data-widget_type=\"divider.default\">\n\t\t\t\t\t\t\t<div class=\"elementor-divider\">\n\t\t\t<span class=\"elementor-divider-separator\">\n\t\t\t\t\t\t<\/span>\n\t\t<\/div>\n\t\t\t\t\t\t<\/div>\n\t\t\t\t<div class=\"elementor-element elementor-element-0ed17f9 elementor-widget elementor-widget-heading\" data-id=\"0ed17f9\" data-element_type=\"widget\" data-e-type=\"widget\" data-widget_type=\"heading.default\">\n\t\t\t\t\t<h2 class=\"elementor-heading-title elementor-size-default\">ETAP  I<\/h2>\t\t\t\t<\/div>\n\t\t\t\t<div class=\"elementor-element elementor-element-cbb5dda elementor-widget elementor-widget-text-editor\" data-id=\"cbb5dda\" data-element_type=\"widget\" data-e-type=\"widget\" data-widget_type=\"text-editor.default\">\n\t\t\t\t\t\t\t\t\t<p>Wymagania dla Uczestnika kursu:<\/p><ul><li>uko\u0144czone 12 lat;<\/li><li>za\u015bwiadczenie lekarskie lub o\u015bwiadczenie o braku przeciwwskaza\u0144 do odbycia szkolenia (w przypadku osoby niepe\u0142noletniej o\u015bwiadczenie sk\u0142ada jej opiekun prawny);<\/li><li>pisemn\u0105 zgod\u0119 na udzia\u0142 w szkoleniu (w przypadku osoby niepe\u0142noletniej pisemn\u0105 zgod\u0119 wyra\u017ca jej opiekun prawny) zawieraj\u0105c\u0105 zgod\u0119 na przetwarzanie danych osobowych zgodnie z obowi\u0105zuj\u0105cymi w tym zakresie przepisami;<\/li><li>umiej\u0119tno\u015b\u0107 p\u0142ywania potwierdzon\u0105 sprawdzianem wst\u0119pnym obejmuj\u0105cym przep\u0142yni\u0119cie 50 m. stylem dowolnym na czas \/ poni\u017cej 45 sekund\/, p\u0142ywanie z prawid\u0142ow\u0105 prac\u0105 n\u00f3g do &#8222;\u017cabki&#8221; w pozycji na piersiach i grzbiecie, umiej\u0119tno\u015b\u0107 p\u0142ywania pod wod\u0105.<\/li><\/ul>\t\t\t\t\t\t\t\t<\/div>\n\t\t\t\t<div class=\"elementor-element elementor-element-dad5a3b elementor-widget elementor-widget-text-editor\" data-id=\"dad5a3b\" data-element_type=\"widget\" data-e-type=\"widget\" data-widget_type=\"text-editor.default\">\n\t\t\t\t\t\t\t\t\t<p>Etap I obejmuje kszta\u0142cenie nast\u0119puj\u0105cych umiej\u0119tno\u015bci:<\/p><ul><li>p\u0142ywanie stosowane w ratownictwie wodnym<\/li><li>samoratownictwo \/ pozbywanie si\u0119 skurcz\u00f3w,\/<\/li><li>wykonywanie skok\u00f3w ratunkowych i innych sposob\u00f3w bezpiecznego wej\u015bcia do wody<\/li><li>p\u0142ywanie pod wod\u0105 i nurkowanie<\/li><li>holowanie osoby zagro\u017conej, co najmniej trzema sposobami<\/li><li>ewakuacja z wody i na l\u0105dzie<\/li><li>opanowanie osoby ton\u0105cej pasywnej i u\u0142o\u017cenie jej w pozycji do holowania,<\/li><li>akcja ratownicza,<\/li><li>pierwsza pomoc \/ algorytmy\/<\/li><li>znajomo\u015b\u0107 obowi\u0105zk\u00f3w ratownika<\/li><\/ul>\t\t\t\t\t\t\t\t<\/div>\n\t\t\t\t<div class=\"elementor-element elementor-element-f6eb587 elementor-widget elementor-widget-heading\" data-id=\"f6eb587\" data-element_type=\"widget\" data-e-type=\"widget\" data-widget_type=\"heading.default\">\n\t\t\t\t\t<h2 class=\"elementor-heading-title elementor-size-default\">ETAP II\n<\/h2>\t\t\t\t<\/div>\n\t\t\t\t<div class=\"elementor-element elementor-element-a166db4 elementor-widget elementor-widget-text-editor\" data-id=\"a166db4\" data-element_type=\"widget\" data-e-type=\"widget\" data-widget_type=\"text-editor.default\">\n\t\t\t\t\t\t\t\t\t<p>Uczestnik kursu musi mie\u0107 uko\u0144czone 14 lat<\/p>\t\t\t\t\t\t\t\t<\/div>\n\t\t\t\t<div class=\"elementor-element elementor-element-918c348 elementor-widget elementor-widget-text-editor\" data-id=\"918c348\" data-element_type=\"widget\" data-e-type=\"widget\" data-widget_type=\"text-editor.default\">\n\t\t\t\t\t\t\t\t\t<p>Etap II obejmuje<\/p><p>P\u0142ywanie i techniki ratownictwa wodnego:<br \/>&#8211; p\u0142ywanie stosowane w ratownictwie wodnym<br \/>&#8211; samoratownictwo<br \/>&#8211; wykonywanie skok\u00f3w ratunkowych i innych sposob\u00f3w bezpiecznego wej\u015bcia do wody<br \/>&#8211; p\u0142ywanie pod wod\u0105 i nurkowanie<br \/>&#8211; holowanie osoby zagro\u017conej, co najmniej czterema sposobami<br \/>&#8211; ewakuacja z wody i na l\u0105dzie<br \/>&#8211; opanowanie osoby ton\u0105cej pasywnej i u\u0142o\u017cenia jej w pozycji do holowania<br \/>&#8211; post\u0119powanie z osob\u0105 ton\u0105c\u0105 aktywn\u0105<br \/>Stosowanie sprz\u0119tu wykorzystywanego w ratownictwie wodnym:<br \/>&#8211; podstawowe prace bosma\u0144skie<br \/>&#8211; prowadzenie akcji ratunkowych z wykorzystaniem sprz\u0119tu do ratownictwa wodnego<br \/>&#8211; przep\u0142yni\u0119cie pod wod\u0105 25 m,<br \/>Pierwsza pomoc<br \/>Znajomo\u015b\u0107 budowy k\u0105pielisk nad r\u00f3\u017cnymi akwenami wodnymi.<\/p>\t\t\t\t\t\t\t\t<\/div>\n\t\t\t\t<\/div>\n\t\t\t\t<\/div>\n\t\t<div class=\"elementor-element elementor-element-6d8ed48 e-con-full e-flex e-con e-child\" data-id=\"6d8ed48\" data-element_type=\"container\" data-e-type=\"container\" data-settings=\"{&quot;jet_parallax_layout_list&quot;:[]}\">\n\t\t\t\t<div class=\"elementor-element elementor-element-3a8142f elementor-widget elementor-widget-image\" data-id=\"3a8142f\" data-element_type=\"widget\" data-e-type=\"widget\" data-widget_type=\"image.default\">\n\t\t\t\t\t\t\t\t\t\t\t\t\t\t\t<img decoding=\"async\" width=\"800\" height=\"534\" src=\"https:\/\/new.aquariusfit.pl\/wp-content\/uploads\/2026\/04\/DSC09374-1024x683.jpg\" class=\"attachment-large size-large wp-image-1166\" alt=\"\" srcset=\"https:\/\/new.aquariusfit.pl\/wp-content\/uploads\/2026\/04\/DSC09374-1024x683.jpg 1024w, https:\/\/new.aquariusfit.pl\/wp-content\/uploads\/2026\/04\/DSC09374-300x200.jpg 300w, https:\/\/new.aquariusfit.pl\/wp-content\/uploads\/2026\/04\/DSC09374-768x512.jpg 768w, https:\/\/new.aquariusfit.pl\/wp-content\/uploads\/2026\/04\/DSC09374-1536x1024.jpg 1536w, https:\/\/new.aquariusfit.pl\/wp-content\/uploads\/2026\/04\/DSC09374.jpg 1920w\" sizes=\"(max-width: 800px) 100vw, 800px\" \/>\t\t\t\t\t\t\t\t\t\t\t\t\t\t\t<\/div>\n\t\t<div class=\"elementor-element elementor-element-014b7fb e-con-full e-flex e-con e-child\" data-id=\"014b7fb\" data-element_type=\"container\" data-e-type=\"container\" data-settings=\"{&quot;background_background&quot;:&quot;classic&quot;,&quot;jet_parallax_layout_list&quot;:[]}\">\n\t\t\t\t<div class=\"elementor-element elementor-element-e7aa65c elementor-widget elementor-widget-heading\" data-id=\"e7aa65c\" data-element_type=\"widget\" data-e-type=\"widget\" data-widget_type=\"heading.default\">\n\t\t\t\t\t<h2 class=\"elementor-heading-title elementor-size-default\">KURS STERNIKA MOTOROWODNEGO\n<\/h2>\t\t\t\t<\/div>\n\t\t\t\t<div class=\"elementor-element elementor-element-1c45469 elementor-widget__width-initial elementor-widget-divider--view-line elementor-widget elementor-widget-divider\" data-id=\"1c45469\" data-element_type=\"widget\" data-e-type=\"widget\" data-widget_type=\"divider.default\">\n\t\t\t\t\t\t\t<div class=\"elementor-divider\">\n\t\t\t<span class=\"elementor-divider-separator\">\n\t\t\t\t\t\t<\/span>\n\t\t<\/div>\n\t\t\t\t\t\t<\/div>\n\t\t\t\t<div class=\"elementor-element elementor-element-d4e9f14 elementor-widget elementor-widget-text-editor\" data-id=\"d4e9f14\" data-element_type=\"widget\" data-e-type=\"widget\" data-widget_type=\"text-editor.default\">\n\t\t\t\t\t\t\t\t\t<p>Wymagania<br \/>Wiek: minimum 14 lat.<br \/>Egzamin: zdanie cz\u0119\u015bci teoretycznej i praktycznej przed komisj\u0105 PZMiNW.<br \/>Po egzaminie: z\u0142o\u017cenie wniosku o wydanie patentu w systemie PZMiNW (z fotografi\u0105 3,5\u00d74,5 cm).<\/p><p>Uprawnienia sternika motorowodnego<br \/>\u015ar\u00f3dl\u0105dzie: prowadzenie jacht\u00f3w motorowych po wodach \u015br\u00f3dl\u0105dowych.<br \/>Morze: prowadzenie jacht\u00f3w motorowych do 12 m d\u0142ugo\u015bci kad\u0142uba, w porze dziennej, w strefie do 2 Mm od brzegu.<br \/>Osoby &lt;16 lat: realizuj\u0105 uprawnienia na jednostkach o mocy do 60 kW.<\/p>\t\t\t\t\t\t\t\t<\/div>\n\t\t\t\t<div class=\"elementor-element elementor-element-baa7649 elementor-widget elementor-widget-heading\" data-id=\"baa7649\" data-element_type=\"widget\" data-e-type=\"widget\" data-widget_type=\"heading.default\">\n\t\t\t\t\t<h2 class=\"elementor-heading-title elementor-size-default\">EGZAMIN<\/h2>\t\t\t\t<\/div>\n\t\t\t\t<div class=\"elementor-element elementor-element-a591c93 elementor-widget elementor-widget-text-editor\" data-id=\"a591c93\" data-element_type=\"widget\" data-e-type=\"widget\" data-widget_type=\"text-editor.default\">\n\t\t\t\t\t\t\t\t\t<p>Teoria: test wiedzy (przepisy, znaki, bezpiecze\u0144stwo, locja, silnik).<br \/>Praktyka: manewry portowe i na akwenie (m.in. podej\u015bcie do \u201ecz\u0142owieka\u201d, cumowanie, praca z silnikiem).<br \/>Po zdaniu: wniosek i op\u0142ata za patent w systemie PZMiNW, do\u0142\u0105czenie zdj\u0119cia 3,5\u00d74,5 cm<\/p><p>Koszty i op\u0142aty (stan na 2026)<br \/>Op\u0142aty pobierane przez PZMiNW : <br \/>Egzamin: 250 z\u0142 (uczniowie i studenci do 26. roku \u017cycia: 125 z\u0142).<br \/>Wydanie patentu: 50 z\u0142 (uczniowie i studenci: 25 z\u0142).<br \/>Uprawnienia po zdobyciu patentu<\/p>\t\t\t\t\t\t\t\t<\/div>\n\t\t\t\t<\/div>\n\t\t\t\t<\/div>\n\t\t<div class=\"elementor-element elementor-element-4428feb e-con-full e-flex e-con e-child\" data-id=\"4428feb\" data-element_type=\"container\" data-e-type=\"container\" data-settings=\"{&quot;jet_parallax_layout_list&quot;:[]}\">\n\t\t\t\t<div class=\"elementor-element elementor-element-cfd7dcc elementor-widget elementor-widget-image\" data-id=\"cfd7dcc\" data-element_type=\"widget\" data-e-type=\"widget\" data-widget_type=\"image.default\">\n\t\t\t\t\t\t\t\t\t\t\t\t\t\t\t<img decoding=\"async\" width=\"800\" height=\"534\" src=\"https:\/\/new.aquariusfit.pl\/wp-content\/uploads\/2026\/04\/AdobeStock_428528079-1024x683.jpeg\" class=\"attachment-large size-large wp-image-974\" alt=\"\" srcset=\"https:\/\/new.aquariusfit.pl\/wp-content\/uploads\/2026\/04\/AdobeStock_428528079-1024x683.jpeg 1024w, https:\/\/new.aquariusfit.pl\/wp-content\/uploads\/2026\/04\/AdobeStock_428528079-300x200.jpeg 300w, https:\/\/new.aquariusfit.pl\/wp-content\/uploads\/2026\/04\/AdobeStock_428528079-768x512.jpeg 768w, https:\/\/new.aquariusfit.pl\/wp-content\/uploads\/2026\/04\/AdobeStock_428528079-1536x1024.jpeg 1536w, https:\/\/new.aquariusfit.pl\/wp-content\/uploads\/2026\/04\/AdobeStock_428528079-2048x1365.jpeg 2048w\" sizes=\"(max-width: 800px) 100vw, 800px\" \/>\t\t\t\t\t\t\t\t\t\t\t\t\t\t\t<\/div>\n\t\t<div class=\"elementor-element elementor-element-ac005ac e-con-full e-flex e-con e-child\" data-id=\"ac005ac\" data-element_type=\"container\" data-e-type=\"container\" data-settings=\"{&quot;background_background&quot;:&quot;classic&quot;,&quot;jet_parallax_layout_list&quot;:[]}\">\n\t\t\t\t<div class=\"elementor-element elementor-element-ceaa4be elementor-widget elementor-widget-heading\" data-id=\"ceaa4be\" data-element_type=\"widget\" data-e-type=\"widget\" data-widget_type=\"heading.default\">\n\t\t\t\t\t<h2 class=\"elementor-heading-title elementor-size-default\">KURS \u017bEGLARZA JACHTOWEGO\n<\/h2>\t\t\t\t<\/div>\n\t\t\t\t<div class=\"elementor-element elementor-element-35a7ea1 elementor-widget__width-initial elementor-widget-divider--view-line elementor-widget elementor-widget-divider\" data-id=\"35a7ea1\" data-element_type=\"widget\" data-e-type=\"widget\" data-widget_type=\"divider.default\">\n\t\t\t\t\t\t\t<div class=\"elementor-divider\">\n\t\t\t<span class=\"elementor-divider-separator\">\n\t\t\t\t\t\t<\/span>\n\t\t<\/div>\n\t\t\t\t\t\t<\/div>\n\t\t\t\t<div class=\"elementor-element elementor-element-956cee9 elementor-widget elementor-widget-text-editor\" data-id=\"956cee9\" data-element_type=\"widget\" data-e-type=\"widget\" data-widget_type=\"text-editor.default\">\n\t\t\t\t\t\t\t\t\t<p>Wymagania<br \/>Wiek: Uko\u0144czone 14 lat. Osoby niepe\u0142noletnie musz\u0105 posiada\u0107 pisemn\u0105 zgod\u0119 rodzic\u00f3w lub opiekun\u00f3w prawnych.<br \/>Egzamin: Pozytywny wynik z cz\u0119\u015bci teoretycznej i praktycznej przed komisj\u0105 egzaminacyjn\u0105.<br \/>Szkolenie: Kurs \u017ceglarski nie jest obowi\u0105zkowy \u2013 mo\u017cna przyst\u0105pi\u0107 do egzaminu po samodzielnej nauce, cho\u0107 udzia\u0142 w szkoleniu jest zalecany ze wzgl\u0119du na bezpiecze\u0144stwo i nauk\u0119 manewrowania.<br \/>Umiej\u0119tno\u015b\u0107 p\u0142ywania: Formalnie nie jest wymagana, cho\u0107 dla w\u0142asnego bezpiecze\u0144stwa i komfortu jest bardzo wskazana.<\/p>\t\t\t\t\t\t\t\t<\/div>\n\t\t\t\t<div class=\"elementor-element elementor-element-61ea4d5 elementor-widget elementor-widget-heading\" data-id=\"61ea4d5\" data-element_type=\"widget\" data-e-type=\"widget\" data-widget_type=\"heading.default\">\n\t\t\t\t\t<h2 class=\"elementor-heading-title elementor-size-default\">Struktura egzaminu<\/h2>\t\t\t\t<\/div>\n\t\t\t\t<div class=\"elementor-element elementor-element-9ed20ca elementor-widget elementor-widget-text-editor\" data-id=\"9ed20ca\" data-element_type=\"widget\" data-e-type=\"widget\" data-widget_type=\"text-editor.default\">\n\t\t\t\t\t\t\t\t\t<p>Egzamin sprawdza wiedz\u0119 i umiej\u0119tno\u015bci niezb\u0119dne do bezpiecznego prowadzenia jachtu: <br \/>Cz\u0119\u015b\u0107 teoretyczna: Test sk\u0142adaj\u0105cy si\u0119 z 75 pyta\u0144 jednokrotnego wyboru. Czas na rozwi\u0105zanie to 90 minut, a do zaliczenia wymagane jest co najmniej 65 poprawnych odpowiedzi. Zakres obejmuje przepisy, budow\u0119 jachtu, teori\u0119 \u017ceglowania, locj\u0119, meteorologi\u0119 i ratownictwo.<br \/>Cz\u0119\u015b\u0107 praktyczna: Wykonanie wybranych manewr\u00f3w na \u017caglach i silniku (m.in. zwroty, podej\u015bcie do boi\/nabrze\u017ca, alarm \u201ecz\u0142owiek za burt\u0105\u201d).<\/p>\t\t\t\t\t\t\t\t<\/div>\n\t\t\t\t<div class=\"elementor-element elementor-element-6e66f3f elementor-widget elementor-widget-heading\" data-id=\"6e66f3f\" data-element_type=\"widget\" data-e-type=\"widget\" data-widget_type=\"heading.default\">\n\t\t\t\t\t<h2 class=\"elementor-heading-title elementor-size-default\">Koszty i op\u0142aty (stan na 2026)\n<\/h2>\t\t\t\t<\/div>\n\t\t\t\t<div class=\"elementor-element elementor-element-87361a6 elementor-widget elementor-widget-text-editor\" data-id=\"87361a6\" data-element_type=\"widget\" data-e-type=\"widget\" data-widget_type=\"text-editor.default\">\n\t\t\t\t\t\t\t\t\t<p>Op\u0142aty pobierane przez Polski Zwi\u0105zek \u017beglarski: <br \/>Egzamin: 250 z\u0142 (uczniowie i studenci do 26. roku \u017cycia: 125 z\u0142).<br \/>Wydanie patentu: 50 z\u0142 (uczniowie i studenci: 25 z\u0142).<\/p>\t\t\t\t\t\t\t\t<\/div>\n\t\t\t\t<div class=\"elementor-element elementor-element-811bec3 elementor-widget elementor-widget-heading\" data-id=\"811bec3\" data-element_type=\"widget\" data-e-type=\"widget\" data-widget_type=\"heading.default\">\n\t\t\t\t\t<h2 class=\"elementor-heading-title elementor-size-default\">Uprawnienia po zdobyciu patentu\n<\/h2>\t\t\t\t<\/div>\n\t\t\t\t<div class=\"elementor-element elementor-element-b0398b7 elementor-widget elementor-widget-text-editor\" data-id=\"b0398b7\" data-element_type=\"widget\" data-e-type=\"widget\" data-widget_type=\"text-editor.default\">\n\t\t\t\t\t\t\t\t\t<p>Posiadacz patentu \u017ceglarza jachtowego mo\u017ce prowadzi\u0107 jachty \u017caglowe: <br \/>Na wodach \u015br\u00f3dl\u0105dowych: bez ogranicze\u0144 wielko\u015bci jachtu i mocy silnika pomocniczego.<br \/>Na morskich wodach wewn\u0119trznych oraz w strefie do 2 mil morskich (Mm) od brzegu na pozosta\u0142ych wodach morskich \u2013 jachtami o d\u0142ugo\u015bci kad\u0142uba do 12 m w porze dziennej.<\/p>\t\t\t\t\t\t\t\t<\/div>\n\t\t\t\t<\/div>\n\t\t\t\t<\/div>\n\t\t\t\t<\/div>\n\t\t\t\t\t<\/div>\n\t\t\t\t<\/div>\n\t\t\t\t<\/div>\n\t\t","protected":false},"excerpt":{"rendered":"<p>Wy\u015blij zg\u0142oszenie KURS NA M\u0141ODSZEGO RATOWNIKA WODNEGO ETAP I Wymagania dla Uczestnika kursu: uko\u0144czone 12 lat; za\u015bwiadczenie lekarskie lub o\u015bwiadczenie o braku przeciwwskaza\u0144 do odbycia szkolenia (w przypadku osoby niepe\u0142noletniej o\u015bwiadczenie sk\u0142ada jej opiekun prawny); pisemn\u0105 zgod\u0119 na udzia\u0142 w szkoleniu (w przypadku osoby niepe\u0142noletniej pisemn\u0105 zgod\u0119 wyra\u017ca jej opiekun prawny) zawieraj\u0105c\u0105 zgod\u0119 na przetwarzanie [&hellip;]<\/p>\n","protected":false},"author":1,"featured_media":0,"parent":21,"menu_order":0,"comment_status":"closed","ping_status":"closed","template":"","meta":{"footnotes":""},"class_list":["post-50","page","type-page","status-publish","hentry"],"_links":{"self":[{"href":"https:\/\/new.aquariusfit.pl\/index.php?rest_route=\/wp\/v2\/pages\/50","targetHints":{"allow":["GET"]}}],"collection":[{"href":"https:\/\/new.aquariusfit.pl\/index.php?rest_route=\/wp\/v2\/pages"}],"about":[{"href":"https:\/\/new.aquariusfit.pl\/index.php?rest_route=\/wp\/v2\/types\/page"}],"author":[{"embeddable":true,"href":"https:\/\/new.aquariusfit.pl\/index.php?rest_route=\/wp\/v2\/users\/1"}],"replies":[{"embeddable":true,"href":"https:\/\/new.aquariusfit.pl\/index.php?rest_route=%2Fwp%2Fv2%2Fcomments&post=50"}],"version-history":[{"count":10,"href":"https:\/\/new.aquariusfit.pl\/index.php?rest_route=\/wp\/v2\/pages\/50\/revisions"}],"predecessor-version":[{"id":1169,"href":"https:\/\/new.aquariusfit.pl\/index.php?rest_route=\/wp\/v2\/pages\/50\/revisions\/1169"}],"up":[{"embeddable":true,"href":"https:\/\/new.aquariusfit.pl\/index.php?rest_route=\/wp\/v2\/pages\/21"}],"wp:attachment":[{"href":"https:\/\/new.aquariusfit.pl\/index.php?rest_route=%2Fwp%2Fv2%2Fmedia&parent=50"}],"curies":[{"name":"wp","href":"https:\/\/api.w.org\/{rel}","templated":true}]}}